What is the ten thousands digit of 115588?
1
What is the tens digit of 11357999?
9
What is the units digit of 14904134?
4
What is the hundred thousands digit of 9132097?
1
What is the thousands digit of 24581915?
1
What is the hundreds digit of 487626?
6
What is the units digit of 1068964?
4
What is the ten millions digit of 11633037?
1
What is the thousands digit of 240369?
0
What is the thousands digit of 5187665?
7
What is the thousands digit of 26034844?
4
What is the hundreds digit of 21289502?
5
What is the ten thousands digit of 521136?
2
What is the ten thousands digit of 7113039?
1
What is the units digit of 959495?
5
What is the tens digit of 1533969?
6
What is the hundreds digit of 1550359?
3
What is the hundred thousands digit of 6065684?
0
What is the hundred thousands digit of 4807656?
8
What is the hundred thousands digit of 820030?
8
What is the hundreds digit of 994663?
6
What is the hundreds digit of 9610408?
4
What is the units digit of 3416874?
4
What is the hundred thousands digit of 496224?
4
What is the hundreds digit of 2010?
0
What is the millions digit of 5586346?
5
What is the thousands digit of 88004?
8
What is the units digit of 1319387?
7
What is the units digit of 25592803?
3
What is the ten thousands digit of 20769803?
6
What is the ten thousands digit of 1268980?
6
What is the tens digit of 1802293?
9
What is the thousands digit of 74803?
4
What is the ten thousands digit of 229675?
2
What is the hundreds digit of 1798053?
0
What is the millions digit of 2978620?
2
What is the thousands digit of 648496?
8
What is the thousands digit of 4345713?
5
What is the millions digit of 3457229?
3
What is the hundreds digit of 12054674?
6
What is the millions digit of 7554698?
7
What is the hundreds digit of 1815964?
9
What is the ten millions digit of 20031211?
2
What is the thousands digit of 85604?
5
What is the thousands digit of 196981?
6
What is the hundreds digit of 228552?
5
What is the thousands digit of 22114482?
4
What is the units digit of 13692782?
2
What is the units digit of 181875?
5
What is the tens digit of 36015993?
9
What is the hundreds digit of 38267938?
9
What is the units digit of 3117917?
7
What is the hundred thousands digit of 876404?
8
What is the units digit of 193799?
9
What is the units digit of 265454?
4
What is the hundreds digit of 485750?
7
What is the tens digit of 1412856?
5
What is the tens digit of 1035196?
9
What is the hundreds digit of 783494?
4
What is the ten thousands digit of 507169?
0
What is the ten thousands digit of 4504015?
0
What is the units digit of 11900995?
5
What is the units digit of 1791066?
6
What is the thousands digit of 16640608?
0
What is the thousands digit of 2350374?
0
What is the millions digit of 13586016?
3
What is the tens digit of 374726?
2
What is the hundreds digit of 322066?
0
What is the ten thousands digit of 20143015?
4
What is the thousands digit of 3613643?
3
What is the hundreds digit of 48761?
7
What is the tens digit of 3926287?
8
What is the ten thousands digit of 73809?
7
What is the ten thousands digit of 180836?
8
What is the hundreds digit of 43841?
8
What is the hundreds digit of 504790?
7
What is the millions digit of 2030792?
2
What is the hundred thousands digit of 6254992?
2
What is the hundreds digit of 2313611?
6
What is the tens digit of 2018209?
0
What is the thousands digit of 19298052?
8
What is the ten thousands digit of 388950?
8
What is the ten thousands digit of 16908802?
0
What is the ten thousands digit of 40383?
4
What is the thousands digit of 4645930?
5
What is the tens digit of 20115?
1
What is the hundred thousands digit of 9688295?
6
What is the ten thousands digit of 353083?
5
What is the units digit of 603329?
9
What is the hundred thousands digit of 173761?
1
What is the hundred thousands digit of 1505058?
5
What is the hundreds digit of 1882414?
4
What is the tens digit of 22729045?
4
What is the thousands digit of 866885?
6
What is the thousands digit of 86797?
6
What is the units digit of 21861?
1
What is the ten thousands digit of 336335?
3
What is the hundreds digit of 2107055?
0
What is the tens digit of 1807769?
6
What is the hundreds digit of 117141?
1
What is the ten thousands digit of 668251?
6
What is the hundreds digit of 355393?
3
What is the tens digit of 285523?
2
What is the tens digit of 145820?
2
What is the units digit of 1332248?
8
What is the ten thousands digit of 122607?
2
What is the hundreds digit of 906017?
0
What is the thousands digit of 573641?
3
What is the hundreds digit of 554062?
0
What is the tens digit of 86705?
0
What is the hundred thousands digit of 1797018?
7
What is the tens digit of 190140?
4
What is the thousands digit of 162468?
2
What is the hundred thousands digit of 6104115?
1
What is the hundreds digit of 1145998?
9
What is the millions digit of 9847628?
9
What is the hundreds digit of 428609?
6
What is the ten thousands digit of 6222750?
2
What is the ten thousands digit of 974266?
7
What is the ten thousands digit of 1126961?
2
What is the hundreds digit of 1148612?
6
What is the tens digit of 1063984?
8
What is the hundred thousands digit of 17968062?
9
What is the hundreds digit of 188969?
9
What is the units digit of 5903362?
2
What is the ten thousands digit of 1732753?
3
What is the thousands digit of 14079621?
9
What is the units digit of 10053343?
3
What is the thousands digit of 20930006?
0
What is the tens digit of 117465?
6
What is the thousands digit of 29303812?
3
What is the tens digit of 21312584?
8
What is the thousands digit of 3690219?
0
What is the ten millions digit of 15760326?
1
What is the ten thousands digit of 59334?
5
What is the units digit of 9049397?
7
What is the units digit of 61944?
4
What is the hundreds digit of 167681?
6
What is the tens digit of 472391?
9
What is the thousands digit of 994595?
4
What is the millions digit of 11842607?
1
What is the hundreds digit of 12353238?
2
What is the hundreds digit of 11231716?
7
What is the thousands digit of 799518?
9
What is the units digit of 887585?
5
What is the hundreds digit of 107972?
9
What is the ten thousands digit of 46586?
4
What is the hundred thousands digit of 14296301?
2
What is the tens digit of 1865933?
3
What is the thousands digit of 346864?
6
What is the hundreds digit of 2101875?
8
What is the hundreds digit of 285952?
9
What is the ten thousands digit of 234665?
3
What is the hundreds digit of 498779?
7
What is the hundreds digit of 91705?
7
What is the ten millions digit of 10672078?
1
What is the tens digit of 102129?
2
What is the units digit of 3885425?
5
What is the tens digit of 10009991?
9
What is the hundreds digit of 5331021?
0
What is the hundreds digit of 1788973?
9
What is the units digit of 1934323?
3
What is the ten thousands digit of 4176078?
7
What is the millions digit of 3119419?
3
What is the tens digit of 12449970?
7
What is the tens digit of 398424?
2
What is the units digit of 2080215?
5
What is the tens digit of 5624012?
1
What is the hundreds digit of 5309530?
5
What is the ten thousands digit of 642098?
4
What is the units digit of 146907?
7
What is the ten thousands digit of 2932624?
3
What is the ten thousands digit of 157260?
5
What is the hundreds digit of 385870?
8
What is the hundred thousands digit of 8009447?
0
What is the hundred thousands digit of 1586578?
5
What is the hundreds digit of 177860?
8
What is the units digit of 188222?
2
What is the tens digit of 169449?
4
What is the millions digit of 1480622?
1
What is the tens digit of 270077?
7
What is the ten thousands digit of 7516480?
1
What is the tens digit of 399890?
9
What is the ten thousands digit of 9869843?
6
What is the thousands digit of 229410?
9
What is the hundreds digit of 165259?
2
What is the thousands digit of 3904441?
4
What is the tens digit of 2024359?
5
What is the millions digit of 5613989?
5
What is the ten millions digit of 11686282?
1
What is the hundred thousands digit of 167115?
1
What is the thousands digit of 12157050?
7
What is the thousands digit of 1371446?
1
What is the thousands digit of 403880?
3
What is the tens digit of 372745?
4
What is the hundreds digit of 2827602?
6
What is the millions digit of 3484832?
3
What is the ten thousands